by 909.
6
Suppose -3*f - 195 - 139 = -5*m, 0 = 3*f - 21. Calculate the remainder when 883 is divided by m.
31
Let y(k) be the third derivative of 17*k**4/24 + 55*k**3/3 - 194*k**2. Calculate the remainder when 208 is divided by y(-4).
40
Let z be (-3)/(3 + -6) - (-2)/(-4)*330. Let k(t) = -22*t - 4. Let p be k(3). Let b = p - z. What is the remainder when b is divided by 24?
22
Let o = -12237 - -12312. Calculate the remainder when 4647 is divided by o.
72
Suppose -5*a + 3*v = -378, 0 = -4*a - 17*v + 20*v + 306. Calculate the remainder when 3971 is divided by a.
11
Let o(z) = z + 13. Let q(y) = -y**3 - 7*y**2 + y - 4. Let p be q(-7). Let v be o(p). Suppose v*m - 105 = -m. What is the remainder when 64 is divided by m?
29
Let x = -7511 + 7551. Suppose 0*i + 4*k = -i + 58, 0 = -5*i - 2*k + 236. What is the remainder when i is divided by x?
6
Let d(r) = 1058*r - 623. Calculate the remainder when d(2) is divided by 22.
19
Let d(b) = -650*b - 16892. Suppose 0*i = 4*i + 28. Let c(h) = -9*h + 6. Calculate the remainder when c(i) is divided by d(-26).
5
Let j = -3810 + 3918. Calculate the remainder when 442 is divided by j.
10
Suppose -39*d = 5*x - 35*d - 3252, -2*x = -4*d - 1312. Calculate the remainder when x is divided by 54.
4
Let n(g) = 2*g**3 - 4*g**2 + 16*g - 13. Calculate the remainder when 234 is divided by n(4).
4
Suppose -8272 = -3*q - 6*q + 6704. What is the remainder when q is divided by 277?
2
Suppose 11*p = 1055 + 2476. Let y be (-6)/24 + 1/(4/p). Suppose y = u + 3*u. What is the remainder when 38 is divided by u?
18
Let q be ((-1)/(-2))/((-3)/(4*3)). Let l = -4 + 17. What is the remainder when ((-37)/q)/(5/10) is divided by l?
11
Suppose 0 = -5*u - 2*y + 315, -y + 76 - 16 = u. What is the remainder when 452 is divided by u?
62
Let d(s) be the second derivative of 31*s**4/6 + s**3/2 + 28*s. Calculate the remainder when 68 is divided by d(1).
3
Let q(o) = 10*o - 104. Let j be q(17). Suppose -5*v - v = -j. Calculate the remainder when v is divided by 9.
2
Suppose -12*m + 9*m = -75. Suppose 2*a = 2*k - 34, k + 0*k + 3*a = m. Let c = 32 - k. Calculate the remainder when 25 is divided by c.
12
Suppose 9*a + 115525 = 14*a. Let o = a + -12837. What is the remainder when 8/(-10) + o/85 is divided by 61?
59
What is the remainder when (-31707)/(-45) + 43/(-5) + 9 is divided by 143?
133
Let k(p) = p**3 - 53*p**2 - 177*p - 831. Calculate the remainder when k(57) is divided by 22.
8
Let r = 2686 + -2594. Calculate the remainder when r is divided by 20.
12
Let h(p) = 556*p - 3046. What is the remainder when h(10) is divided by 25?
14
Suppose 5*k - 3*h = 64 + 204, -4*h = k - 72. Calculate the remainder when k is divided by -4*1/44 - (-2240)/77.
27
What is the remainder when 2755 is divided by 26/(-429) - 3502/(-66)?
52
Let k(c) = c**2 + 107*c + 1600. What is the remainder when 500 is divided by k(-92)?
60
Let m = -353 - -353. Suppose 5*j + r - 200 = m, -3*j + 2*r = -6*j + 127. What is the remainder when 155 is divided by j?
38
Let z = 51 - 46. Suppose z*d + 345 = 2*g, 4*d + 5*g + 290 + 19 = 0. Let h = 9 - d. Calculate the remainder when h is divided by 42.
38
Let h be (22 - 9) + -8 - (1 - -3). Calculate the remainder when (-214)/((-2)/h) - (4 - -1) is divided by 17.
0
Suppose 44*p - 42*p = -4*g + 80, 0 = -p + 2*g + 20. Suppose 0 = r - 3*r - 2*t + 158, t = 2*r - 173. Calculate the remainder when r is divided by p.
24
Let v(g) = 4*g**2 - 112*g + 45. Let o be v(28). Let n(p) = -4*p + 265. Calculate the remainder when n(o) is divided by 11.
8
Suppose 319*d + 3300 = 374*d. What is the remainder when 191 is divided by d?
11
Let r(x) = 3*x**2 + 3*x - 3. Let y = 4232 + -4102. What is the remainder when y is divided by r(3)?
31
Let l(w) = 419*w + 1249. Calculate the remainder when l(7) is divided by 93.
90
Let n(w) be the third derivative of w**4/6 + 2*w**3/3 + 4*w**2 - w. Let i(s) = -s**3 - s**2. What is the remainder when n(3) is divided by i(-2)?
0
Suppose -d - 15*o + 22 = -10*o - 0, 0 = -o. Calculate the remainder when 99 is divided by d.
11
Let d(n) be the first derivative of -21*n**2/2 - 96*n - 25. Calculate the remainder when 140 is divided by d(-6).
20
Suppose 0 = 12*h - 17*h, h + 3*h = -2*l. Suppose 71*a - 81*a + 150 = l. Calculate the remainder when 403 is divided by a.
13
Let t = 38 - 19. Let g be 260/15*(1 + 2). Suppose -g*v - 55 = -53*v. Calculate the remainder when v is divided by t.
17
Let b = 245 - 214. Let i be -7*2/((-6)/(-15)). Let y = b - i. What is the remainder when y is divided by 34?
32
Suppose -43372*k = -43316*k - 1400. What is the remainder when (1*21)/((-3)/(-10)) is divided by k?
20
Let c = 249 + -155. Let o = c - 8. Calculate the remainder when o is divided by 19.
10
Let r(b) = 7*b - 88. Let i be r(14). Suppose i*c = -c + 231. What is the remainder when 67 is divided by c?
4
Suppose 0 = 7*b - 4*b + 2*b. Calculate the remainder when 36 is divided by (18 - (b + -3 + 2))/1.
17
Let w = -6402 - -6457. Let a = 868 + -320. What is the remainder when a is divided by w?
53
Let n(j) = 2*j**3 + 62*j**2 - 3*j - 40. Calculate the remainder when 161 is divided by n(-31).
2
Suppose -40*v - 252 = -166*v. What is the remainder when 8*((-39)/(-6) - 1) is divided by v?
0
Let r(n) = -2*n**3 + n**2 + 2*n - 4. Let f be r(0). Let p(m) = 9*m**2 + 33*m - 3. What is the remainder when p(f) is divided by 7?
2
Let v = -306 + 540. What is the remainder when v is divided by ((-6)/(-7))/((-30)/(-140))?
2
Let d be 2/6 - 50/15. What is the remainder when 103 is divided by (-129)/d + (19 - 10)?
51
What is the remainder when (78/(-14))/((-255)/33915) is divided by 44?
37
Suppose 2*l = -5*v + 151, 224*v - 220*v = -5*l + 131. Calculate the remainder when 197 is divided by v.
23
Let p = -255 + 397. Suppose 0 = -6*k - 243*k + 12948. Calculate the remainder when p is divided by k.
38
Suppose a - 31 + 12 = 0. What is the remainder when 5/(-3)*16983/(-765) is divided by a?
18
Let x = 22 - 15. Suppose x*h - 124 = -12. Suppose -4*g = -3*z - 108, z - 18 = -g + 4*z. Calculate the remainder when g is divided by h.
14
Let l = 3007 + -2998. Calculate the remainder when 4/(-6) + 2200/15 is divided by l.
2
Suppose 335*c - 330*c - 11073 = -3*w, 3*w = -3*c + 11067. Calculate the remainder when w is divided by 7.
4
Let q be 4/64*6 - (-605)/8. Suppose -392 = q*t - 78*t. Calculate the remainder when t is divided by 53.
37
Suppose 3*p + 1 = -2*s - 10, -1 = -5*s + 2*p. What is the remainder when 453 is divided by s + 0 - (-20 - 0)?
16
Suppose 2*m + k = 442, 4*k + 25 = 1. Calculate the remainder when m is divided by 26.
16
Suppose -4*z + 2*m = 3*m + 27, 2*z = 2*m - 6. Let v(r) = 4*r**2 + 5*r + 4. Calculate the remainder when v(-5) is divided by z/(-4)*((-64)/6)/(-1).
15
Suppose 4*o - 196 = 2*j, 3*o - 15 - 122 = 4*j. Let b = -20 + o. Suppose 280*f - 253*f = 4131. Calculate the remainder when f is divided by b.
29
Suppose -5*h = -14*h - 90. Let q(b) = -5*b - 30. Let i(c) = 2*c**3 - 15*c**2 + 11*c - 16. What is the remainder when q(h) is divided by i(7)?
8
Let z = 234 - 225. Suppose -12*r = -116*r + 10920. What is the remainder when r is divided by z?
6
Let d = -27727 - -28794. What is the remainder when d is divided by 452?
163
What is the remainder when 1579 is divided by 32 + 7 - ((-12)/(-6) + -1)?
21
Let y(v) = 2*v**3 + 34*v**2 + 30*v - 34. Let z be y(-16). What is the remainder when 5*348/11 - z/(-11) is divided by 23?
20
Suppose 10*b - 432 = b. Let c = b + -3. Suppose 25*r - 20*r = c. What is the remainder when 23 is divided by r?
5
What is the remainder when 63 is divided by (41/(-12) - (-1)/4)*-6?
6
Let c(a) = 7*a - 43. Let t(w) be the second derivative of -w**3/6 + 7*w**2/2 - 2*w. Let q be t(-5). What is the remainder when c(q) is divided by 23?
18
Suppose -3*i = -5*s + 5, 9*s = 5*s + 16. Suppose -3*y + y - 242 = -3*a, 0 = -a + y + 79. Calculate the remainder when a is divided by (-1932)/(-115) + 1/i.
16
Suppose -1964 = -4*b + 4*f, 4*b - 5*f - 422 - 1547 = 0. What is the remainder when b is divided by 162?
0
Let t = 5910 - 5637. What is the remainder when 2215 is divided by t?
31
Suppose 3*u = -3, 0 = l + 4*u + 738 - 113. Calculate the remainder when 63 is divided by (-121)/(-10) - (l/90 + 7).
3
Let n = 8 - 6. Suppose 3*u - 237 = 3*x, u + 310 = 5*u + n*x. Let v(o) = -1575*o - 313